{"id":432,"date":"2022-10-17T15:11:36","date_gmt":"2022-10-17T15:11:36","guid":{"rendered":"https:\/\/bkv-gerthe.de\/?page_id=432"},"modified":"2024-09-02T10:44:46","modified_gmt":"2024-09-02T08:44:46","slug":"ueber-uns","status":"publish","type":"page","link":"https:\/\/bkv-gerthe.de\/?page_id=432","title":{"rendered":"\u00dcber uns"},"content":{"rendered":"\n<p>&#8222;Willkommen beim BKV Gl\u00fcckauf Gerthe 1891 e.V.! Seit 1891 bewahren wir das Erbe und die Tradition des Bergbaus in unserer Stadt Bochum. Unsere Gemeinschaft besteht aus M\u00e4nnern und Frauen, die mit Stolz die Werte und Br\u00e4uche des Bergmannslebens weitertragen. Gemeinsam stehen wir f\u00fcr Kameradschaft, Tradition und die Pflege unserer bergm\u00e4nnischen Kultur.&#8220;<\/p>\n<p>&#8222;Der BKV Gl\u00fcckauf Gerthe 1891 e.V. wurde im Jahr 1891 gegr\u00fcndet, in einer Zeit, als der Bergbau das Herz und die Seele Bochums war. \u00dcber Generationen hinweg haben wir es uns zur Aufgabe gemacht, das bergm\u00e4nnische Brauchtum zu bewahren und an die kommenden Generationen weiterzugeben. Vom historischen Wandel der Bergbauindustrie bis hin zu den modernen Herausforderungen \u2013 unser Verein ist ein lebendiges Zeugnis dieser Geschichte.&#8220;<\/p>\n<p><img loading=\"lazy\" decoding=\"async\" class=\"wp-image-461  alignleft\" src=\"https:\/\/bkv-gerthe.de\/wp-content\/uploads\/2022\/10\/Fahne.jpg\" alt=\"\" width=\"398\" height=\"264\" srcset=\"https:\/\/bkv-gerthe.de\/wp-content\/uploads\/2022\/10\/Fahne.jpg 640w, https:\/\/bkv-gerthe.de\/wp-content\/uploads\/2022\/10\/Fahne-300x199.jpg 300w\" sizes=\"auto, (max-width: 398px) 100vw, 398px\" \/>&#8222;Unsere Mission ist klar: Die Bewahrung des bergm\u00e4nnischen Brauchtums und der Kultur stehen im Mittelpunkt all unserer Aktivit\u00e4ten. Dar\u00fcber hinaus legen wir gro\u00dfen Wert auf die Pflege der Kameradschaft unter unseren Mitgliedern und die aktive Teilnahme an Stadtteilfesten und Traditionsveranstaltungen. Wir m\u00f6chten nicht nur die Vergangenheit ehren, sondern auch die Gemeinschaft st\u00e4rken und unsere Werte in die Zukunft tragen.&#8220;<\/p>\n<p>&#8222;Unsere Gemeinschaft ist vielf\u00e4ltig: Bei uns sind M\u00e4nner und Frauen jeden Alters willkommen, die das bergm\u00e4nnische Erbe teilen und mit uns gemeinsam pflegen m\u00f6chten. Egal, ob Sie selbst einen Bezug zum Bergbau haben oder einfach nur die Tradition und den Zusammenhalt sch\u00e4tzen \u2013 bei uns finden Sie einen Platz.<\/p>\n<p>Unsere Mitgliederversammlungen finden regelm\u00e4\u00dfig alle zwei Monate statt. Diese Versammlungen bieten unseren Mitgliedern die Gelegenheit, sich auszutauschen, neue Projekte zu planen und die Gemeinschaft zu st\u00e4rken.&#8220;<\/p>\n<p>&#8222;Als BKV Gl\u00fcckauf Gerthe 1891 e.V. halten wir unsere Traditionen hoch und nehmen regelm\u00e4\u00dfig an wichtigen Veranstaltungen teil. Zu unseren festen Veranstaltungen z\u00e4hlen:<\/p>\n<ul>\n<li><strong>G<\/strong><strong>e<\/strong><strong>d<\/strong><strong>e<\/strong><strong>nk<\/strong><strong>e<\/strong><strong>n an das Grubenungl\u00fcck der Zeche Lothringen am 08.08.1912: <\/strong>Jedes Jahr am 8. August gedenken wir den Opfern des tragischen Ungl\u00fccks auf der Zeche Lothringen, das uns als Mahnung an die Gefahren und Opfer des Bergbaus erinnert.<\/li>\n<\/ul>\n<ul>\n<li><strong>Teilnahme am Gottesdienst am Totensonntag auf dem Gerther Friedhof: <\/strong>Am Totensonntag nehmen wir am Gottesdienst auf dem Gerther Friedhof teil, um der verstorbenen Bergleute zu gedenken und unsere Verbundenheit mit der bergm\u00e4nnischen Gemeinschaft auszudr\u00fccken.<\/li>\n<\/ul>\n<ul>\n<li><strong>Allj\u00e4hrliche Barbarafeier des BKV Anfang Dezember: <\/strong>Zu Ehren der heiligen Barbara, der Schutzpatronin der Bergleute, feiern wir jedes Jahr im Dezember unsere Barbarafeier, ein H\u00f6hepunkt im Vereinskalender, der Tradition und Gemeinschaft verbindet.<\/li>\n<\/ul>\n<ul>\n<li><strong>Bochumer Maiabendfest Ende April: <\/strong>Jedes Jahr Ende April nehmen wir am Bochumer Maiabendfest teil, einem der traditionsreichsten Feste der Stadt. Das Fest beginnt am letzten Donnerstag im April mit einem Gottesdienst, gefolgt von einer kleinen Parade durch Bochum zum Zapfenstreich. Der H\u00f6hepunkt f\u00fcr unseren Verein ist die gro\u00dfe Parade am Samstag, bei der wir vom Kirmesplatz in die Innenstadt ziehen. Das Fest endet am Sonntag.&#8220;<\/li>\n<\/ul>\n<p>Diese Veranstaltungen stellen nur einen Teil unserer vielf\u00e4ltigen Aktivit\u00e4ten dar. Im Laufe des Jahres engagieren wir uns in weiteren Projekten und Veranstaltungen, die das bergm\u00e4nnische Brauchtum f\u00f6rdern und unsere Gemeinschaft st\u00e4rken.&#8220;<\/p>\n","protected":false},"excerpt":{"rendered":"<p>&#8222;Willkommen beim BKV Gl\u00fcckauf Gerthe 1891 e.V.! Seit 1891 bewahren wir das Erbe und die Tradition des Bergbaus in unserer Stadt Bochum. Unsere Gemeinschaft besteht aus M\u00e4nnern und Frauen, die mit Stolz die Werte und<\/p>\n","protected":false},"author":1,"featured_media":439,"parent":0,"menu_order":0,"comment_status":"closed","ping_status":"closed","template":"","meta":{"ngg_post_thumbnail":0,"footnotes":""},"class_list":["post-432","page","type-page","status-publish","has-post-thumbnail","hentry"],"featured_image_src":"https:\/\/bkv-gerthe.de\/wp-content\/uploads\/2022\/10\/0010a.jpg","featured_image_src_square":"https:\/\/bkv-gerthe.de\/wp-content\/uploads\/2022\/10\/0010a.jpg","_links":{"self":[{"href":"https:\/\/bkv-gerthe.de\/index.php?rest_route=\/wp\/v2\/pages\/432","targetHints":{"allow":["GET"]}}],"collection":[{"href":"https:\/\/bkv-gerthe.de\/index.php?rest_route=\/wp\/v2\/pages"}],"about":[{"href":"https:\/\/bkv-gerthe.de\/index.php?rest_route=\/wp\/v2\/types\/page"}],"author":[{"embeddable":true,"href":"https:\/\/bkv-gerthe.de\/index.php?rest_route=\/wp\/v2\/users\/1"}],"replies":[{"embeddable":true,"href":"https:\/\/bkv-gerthe.de\/index.php?rest_route=%2Fwp%2Fv2%2Fcomments&post=432"}],"version-history":[{"count":5,"href":"https:\/\/bkv-gerthe.de\/index.php?rest_route=\/wp\/v2\/pages\/432\/revisions"}],"predecessor-version":[{"id":698,"href":"https:\/\/bkv-gerthe.de\/index.php?rest_route=\/wp\/v2\/pages\/432\/revisions\/698"}],"wp:featuredmedia":[{"embeddable":true,"href":"https:\/\/bkv-gerthe.de\/index.php?rest_route=\/wp\/v2\/media\/439"}],"wp:attachment":[{"href":"https:\/\/bkv-gerthe.de\/index.php?rest_route=%2Fwp%2Fv2%2Fmedia&parent=432"}],"curies":[{"name":"wp","href":"https:\/\/api.w.org\/{rel}","templated":true}]}}